8). Let r = -778 + a. Is r prime?
True
Suppose 0*i = 2*s + 4*i, -3*s + i = 0. Let d(b) = 226*b**3 - b**2 - 7*b + 6. Let w be d(2). Suppose 4*c - w = -s*c. Is c composite?
False
Let q = 222 - -2679. Is q a prime number?
False
Let o(m) = 3*m**3 - m. Let d be o(1). Suppose d*f = -f + 3879. Is f a prime number?
False
Let m = -15 - -23. Let j(u) = 73*u - 3. Is j(m) prime?
False
Let x(f) = -115*f - 36. Let d(k) = -57*k - 18. Let h(t) = -5*d(t) + 2*x(t). Is h(5) prime?
True
Let k(o) be the third derivative of -o**8/6720 + o**7/2520 + o**6/240 + o**5/30 - o**4/24 + 3*o**2. Let f(j) be the second derivative of k(j). Is f(-5) prime?
True
Let r = 55937 - 34224. Is r composite?
False
Let n(f) = -2*f**2 + 2 + 1 - 8*f + f**2. Suppose 0 = -8*c + 22*c + 98. Is n(c) a prime number?
False
Let u(t) = 4*t - 3*t + 0 + 0. Let g be u(2). Suppose -111 = g*m - 4*m + 5*x, -2*m + x + 107 = 0. Is m prime?
True
Suppose 5 = -v, -9*c + 920 = -4*c - 3*v. Suppose 0 = 5*k + 3*h - 2578, -k + 707 - c = -2*h. Suppose -q = q - k. Is q prime?
False
Let h = -10 - 1. Let b(j) = -j**3 + 15*j**2 - 11*j - 6. Let k(s) = 3*s**3 - 31*s**2 + 23*s + 12. Let q(y) = 5*b(y) + 2*k(y). Is q(h) a composite number?
True
Let d(o) = 15 + o**2 - 3*o + 12 + 2*o**2 + 14*o. Is d(-7) a composite number?
False
Let b = -9329 + 13374. Is b composite?
True
Let w(x) be the second derivative of -235*x**4/24 - x**3/2 - 11*x**2/2 - x. Let n(o) be the first derivative of w(o). Is n(-2) prime?
True
Let z(s) be the third derivative of 19*s**7/5040 - s**6/80 - s**5/10 - 5*s**2. Let g(r) be the third derivative of z(r). Is g(8) a composite number?
True
Let s be 4 - (0 - 0) - -51. Suppose -14 + s = m. Let n = 30 + m. Is n prime?
True
Suppose -m + 2*s - 15 = 0, -4*m - 36 = -0*m + 4*s. Let a = m + 15. Suppose -3*b = a*p - 544, -p = 2*p + 4*b - 415. Is p a prime number?
False
Is (-120)/10 - -8 - -19119 prime?
False
Let u = 48 - 29. Suppose -3*v - 7 = -u. Suppose 0*g + 2*w - 317 = -3*g, -v*g = -5*w - 461. Is g a prime number?
True
Suppose -2*h = 3*j - 17278, j = -7*h + 10*h - 25917. Is h a composite number?
True
Let j = -46 - -61. Suppose -v + j = -72. Is v composite?
True
Let m = -13 - -16. Suppose 2*g - 5*c - 359 = 0, -5*c - 199 = -m*g + 337. Is g a composite number?
True
Let m = -9 - 12. Let v(y) = y**3 + 21*y**2 - 2*y - 19. Is v(m) a prime number?
True
Let u(x) = 23442*x - 121. Is u(4) a prime number?
False
Suppose -5 = -2*q + 1. Suppose x = -q*x + 13628. Suppose 0 = 5*k - 4*l - x, k + k + 4*l - 1346 = 0. Is k prime?
False
Suppose 3*y - 1 = 4*a - 4497, -5*a + y = -5609. Is a composite?
True
Let t be 13/((-1)/130*2). Let l be (-10)/15 - t/3. Suppose a + x = -0*x + 83, 5*x = 3*a - l. Is a a prime number?
False
Let u(y) = y**3 - 11*y**2 - 6. Let d be u(11). Let b be 9*(8/d - -2). Is 4/6 + 3386/b a composite number?
True
Suppose 251919 - 78368 = 7*x. Is x a prime number?
True
Let p = -17 - -20. Suppose 0 = -5*r + 2*j + 7, -p*r - 4 = -7*r + 2*j. Let c(d) = 16*d + 5. Is c(r) a prime number?
True
Let w be 5/(-10)*(-22 + -2). Let d(x) = -x**3 - 5*x**2 - 3*x + 2. Let i be d(-7). Suppose 5*m - i = 3*m + c, w = -4*c. Is m a composite number?
False
Let o(j) = 13*j**2 - 2*j + 4. Let t be o(3). Let w = t - 318. Let u = -1 - w. Is u a composite number?
True
Suppose -14 = -2*h - 10. Suppose -2*s + h = -2*k, 6 = 5*s + k - 17. Suppose -s*l = -3*d - 7*l + 228, -4*d = -4*l - 264. Is d composite?
False
Let g(f) = 60*f**2 - 4*f + 6. Let u be 1 - -2 - (1 + -2). Let c be g(u). Is 3/12 - c/(-8) a prime number?
False
Suppose 5*v = -5*q - 45, 4*q + 21 = 3*q - 5*v. Let w = 0 - q. Suppose w*p + 268 = 10*p. Is p a prime number?
True
Let r = -824 - -11671. Is r composite?
False
Let v(r) = 4*r - 6. Let g(a) = 5*a - 6. Let l(o) = 3*g(o) - 4*v(o). Let s be l(8). Let q(u) = -47*u + 3. Is q(s) a composite number?
False
Let y = -144 + 262. Let p be -6*y*(-2)/4. Is 10/15*p/4 composite?
False
Let k(w) = w**3 + 30*w**2 - 45*w - 17. Is k(-23) composite?
False
Let z(d) = -d**3 - 20*d**2 - 2*d + 37. Let a be z(-20). Is 4/(-14) - (-8415)/a a composite number?
False
Suppose -43773 = -2120*z + 2117*z. Is z a composite number?
False
Let x = 496 - 497. Let g(k) = -k**3 - 5*k**2 + k + 7. Let r be g(-5). Is 12610/20 - x/r prime?
True
Let l = -2 + 3. Suppose 5*y + l = 11. Suppose -y*c + 43 = 5*m - 23, 0 = -c - 2. Is m prime?
False
Let k(f) = 25*f**3 + 17*f**2 - 70*f - 15. Is k(7) a composite number?
True
Suppose -3*u + 1164 = -0*u. Let v = u + -254. Is v composite?
True
Is (-126)/(-189)*(-15213)/(-2) prime?
False
Suppose 0 = -0*b + 4*b - 6932. Let j = -1208 + b. Let p = j - 310. Is p a prime number?
False
Suppose 17*z - 7 = 24*z. Is (-9315)/(-3) + 4/z composite?
True
Suppose u = -3*u. Suppose u = 3*g + 343 - 34. Let x = 150 + g. Is x a composite number?
False
Let k be (30/(-7))/(10/210). Let v = 551 - k. Is v prime?
True
Suppose 0 = 5*y - 10, 5*k + y = k + 10. Let d(b) = 325*b**3 + 3*b**2 - 3. Is d(k) a composite number?
False
Suppose -3*l - 12988 = -4*n - 8*l, -2*n + 6508 = -l. Suppose 4*z - n = c, 4*z - 3*z - 2*c = 813. Is z prime?
False
Let g be ((-2)/(-10)*6)/((-3)/(-10)). Suppose -1354 = 2*x - 4*x + g*o, 3*o + 1354 = 2*x. Is x prime?
True
Suppose 0 = 9*u + 613 + 350. Suppose 0 = 5*d, -d - 653 = 3*x - 86. Let c = u - x. Is c a prime number?
False
Let m be 5/(-15) - 2/6*-1. Is 862 + (6/(-3))/(m + -2) a prime number?
True
Suppose -157*q + 164*q = 2674. Is q a prime number?
False
Let n be -5526 - -2 - (-9 - -4). Let a = n - -10276. Is a a prime number?
False
Let x(b) = -13*b - 15. Let n be x(-6). Suppose -5*y + 3*g + n = 2*g, -4*g = 4*y - 60. Let h = y + 6. Is h prime?
True
Is (1 + -3)/(12/(-24)) - -9957 composite?
True
Let t(b) = -1152*b + 3. Let w be t(-1). Suppose w = 4*r - 649. Is r a composite number?
True
Suppose 2*s - 32821 = -f, 4*f = 10*s - 7*s + 131339. Is f a prime number?
True
Suppose -21*y + 53*y - 127264 = 0. Is y prime?
False
Suppose 24*t = -2*t + 472810. Is t prime?
False
Let m(r) = 2786*r + 179. Is m(7) prime?
True
Let a(i) be the third derivative of 0*i + 1/15*i**5 + 0 - 7/6*i**3 + 2/3*i**4 + 8*i**2. Is a(10) a prime number?
False
Let q(n) = 7*n**2 - 9*n - 10. Let s be q(-5). Suppose -s - 115 = -5*f. Suppose u = 32 + f. Is u a prime number?
True
Let z be -3*3/(-18)*8. Suppose 2*d - z = 4*o - 2*o, 5*o - 40 = -5*d. Suppose -3*s - 12 = 0, d*f + 139 = 6*f - 3*s. Is f a prime number?
True
Let r = 273 - 194. Is r prime?
True
Let m be -3*26*2/4. Let g = -78 - m. Let b = 106 + g. Is b a composite number?
False
Suppose -4*y - t - 21 = -2*t, 3*t - 23 = 2*y. Is 12/16 + (-2593)/y prime?
False
Suppose 73*d - 45*d = 139188. Is d composite?
True
Let k(l) = 11165*l + 13. Is k(2) prime?
True
Suppose 0 = 2*i + 3*s - 13, -5*s + 18 = 3*i - 2*s. Suppose -i*m + 729 = 199. Suppose 0 = 2*z + 4*o - m, -o + 27 + 79 = 2*z. Is z prime?
True
Let i(l) = l**3 - 10*l**2 + 17*l - 8. Let d be i(8). Suppose -19*w - w + 29540 = d. Is w a composite number?
True
Let l(j) = -j**3 - 4*j**2 - 6*j - 13. Suppose -19 = 5*y + 31. Let w be l(y). Let z = w - -138. Is z a prime number?
False
Let p = -38 + 34. Is (691/(-4))/(p/16) a prime number?
True
Suppose 163736 = 3*d + 5*s, -4*d - s - 218307 = -8*d. Is d composite?
False
Let b be 83/(-9) + 22/99. Let l be (-20)/b - (-8)/(-36). Suppose l*c - 165 = -c. Is c a composite number?
True
Suppose -13 = -6*l + 23. Let o(k) = 2*k**2 + 2 + 3*k**2 + 2*k - 3. Is o(l) a composite number?
False
Let z(w) = -6*w - 4. Let q be z(-1). Let u(v) = -v - 2. Let r be u(-2). Is (-265)/(-5) + q + r a composite number?
True
Let x(l) = 15*l + 10. Let h be x(-1). Is (h/(-1))/((-10)/(-590)) a prime number?
False
Suppose -5 = 5*q - 10*q. Let a(k) = -39*k - 3. Let w(d) = -d. Let c(h) = q*w(h) + a(h). Is c(-8) a composite number?
False
Let p = -144 + -27. Let t = 508 + p. Is t a composite number?
False
Let l = 18 - 17. Let b be (4 - -1) + (l - 0). Let h = b + 17. Is h composite?
False
Suppose 0 = -3*n - 3*n + 24. Suppose -3*q - 4*j = -j - 1161, -n*q = -3*j - 1562. Is q prime?
True
Let o = 43 - 44. Is (2 - -383) + (o - (2 + 0)) a prime number?
False
Let o(k) = 37*k**2 + 13*k + 7. Let p = -29 + 20. Is o(p) a composite number?
False
Let a = -4157 + 7700. Is a prime?
False
Suppose -7675 + 2218 = -3*f. Is f prime?
False
Let a(t) = -t**2 + 16. Let f be a(-15). Let d = 42 - f. I